 = a**2 + 29*a - 58. Suppose -j = -2*r - 56, -5*r + 5*j = -81 + 206. What is b(r)?
4
Let m = -37 + 38. Let g be 76/(-38) + 10*m. Let u(j) = j**3 - 8*j**2 - 5*j + 12. What is u(g)?
-28
Let k(c) = 2*c**3 - 11*c**2 - 5*c. Let n = -3000 - -3006. What is k(n)?
6
Let p(n) = 12*n**2 + 6*n + 9. Let t be -5*(-1)/(-2) + ((-850)/100)/17. What is p(t)?
99
Let d(t) = 73*t**3 - t**2 + 2. Suppose 4*m - 36 = -4*g, 65*g - m = 70*g - 13. Give d(g).
74
Let m be (1 + -1)/((-150)/42 + 6/(-14)). Let z(n) = -n**3 - n + 66. What is z(m)?
66
Let l(k) be the second derivative of -4*k**3/3 + 4*k**2 + 2838*k. Determine l(11).
-80
Let u(k) = -7 + 492*k - 995*k + 1 + 492*k. Calculate u(-5).
49
Suppose 4*c = -34 + 26. Let b be (c/(-4))/((-4)/(-24)). Suppose b*j = 4*m + 28, -4 = -4*m - 3*j - 2*j. Let d(o) = -o**3 - 4*o**2 - 6*o - 6. Determine d(m).
18
Let u(p) = -p**3 + 3*p**2 + p. Let n = -211 - -210. Let z be 2/((-1)/n) + -1 + 2. Determine u(z).
3
Let j(p) = -46*p**2 - p - 10. Let y(r) = 68*r**2 + 13. Let i(s) = -3*j(s) - 2*y(s). Calculate i(3).
31
Let s(l) = -2*l**2 + 5*l - 2. Let v be s(3). Let m(t) be the first derivative of t**2/2 + 8*t - 9431. Give m(v).
3
Let k(u) = -2*u - 256*u**2 + 2 + 261*u**2 + 4*u. Suppose i = -8*i + 27. Let f be i/2*40/(-30). Calculate k(f).
18
Let w(k) = 6117*k**2 + 6*k + k**3 - 12239*k**2 + 2 + 6132*k**2. Calculate w(-9).
29
Let n = -7 - -4. Let d be 5 + (-12)/(8 - 2). Let f(p) = 3*p**2 + d*p + p**2 + 0*p**2 - 3*p**2. Calculate f(n).
0
Let r(n) = 14*n**2 + 2*n + 2. Let t be r(-1). Suppose -10 + t = h. Suppose l + 6 = h*j - 10, -16 = -4*j - 3*l. Let b(c) = c**3 - 4*c**2 + 2*c. Determine b(j).
8
Let l(a) be the third derivative of a**5/60 - a**4/6 - 5*a**3/6 + a**2 + 1151*a. Calculate l(-3).
16
Let y(o) = 2*o - 2. Let g(d) be the second derivative of -4*d**3/3 + 3*d**2 - d - 12. Let m(x) = g(x) + 5*y(x). Give m(0).
-4
Suppose -3*g + 1072 = 103. Let n = 319 - g. Let i(j) = -2*j**2 - 2*j + 6. Let x(c) = -1. Let o(r) = -i(r) - 6*x(r). What is o(n)?
24
Let l = 3950 + -3942. Let w(r) = 4*r + 3. Let u(b) = -5*b**2 + b + 1. Let z be u(-1). Let h(m) = -m. Let p(n) = z*h(n) - w(n). What is p(l)?
5
Let j be (-1)/(((-4)/(-12))/(-1)). Suppose -j*m + 0*n = -4*n + 314, 0 = -n + 2. Let f = m + 104. Let r(q) = -3*q**2 + 2*q + 2. Give r(f).
-6
Suppose -9*y = -26 - 1. Let g(z) = 22 - 23 - 3*z - 5*z - y*z + 10*z. Let v(i) = i**2 - 7*i - 5. Let r be v(8). What is g(r)?
-4
Let f be (1*24 - (-80)/(-18 + 8)) + -7. Let o(b) = -b**2 + 14*b + 25. Determine o(f).
70
Let v(b) = -b**2 - 8*b. Suppose 7*d - 3*d = 12. Let t(w) = w**3 - 3*w**2 - w + 5. Let p be t(d). Let q be (5 - p) + -9 + 0 + 0. What is v(q)?
12
Let r = 489 + -486. Let w(u) = -r*u + 14*u**2 + 16*u**2 + 4 - 27*u**2 - 3. What is w(3)?
19
Let x(q) be the second derivative of q**5/20 + q**4/2 - 2*q**3/3 - q**2 + 1068*q. Suppose 5*w + 28 = w. Give x(w).
-23
Suppose 0 = -2*x - x + 42. Suppose 16 + x = 5*j. Let a(l) = 0 - 5 + 121*l - 59*l - 58*l. Calculate a(j).
19
Let v(b) be the third derivative of -b**6/120 - b**5/10 - 7*b**4/24 - 3*b**3/2 - 726*b**2 + 2*b. Give v(-6).
33
Let t(w) = w**2 + 12*w - 6. Let z be 858/234*(-9)/3. Give t(z).
-17
Let n(x) = x + 5. Let j(d) be the first derivative of -d**4/4 + 3*d**3 - 5*d**2 + 13*d - 51. Let w be j(8). Give n(w).
2
Let g(d) = -34675*d**3 + 17342*d**3 + 2*d - 25 + 17334*d**3 - 17*d**2. Calculate g(17).
9
Let s(n) = n**2 + 6*n + 3. Suppose -63 = -5*t - 4*t. Let f(x) = -x**3 + 6*x**2 + 8*x - 7. Let q be f(t). Suppose q = -5*l + 3*l - 4. Give s(l).
-5
Let s(h) be the third derivative of -h**4/24 + h**3/6 - 45*h**2 + 1. Suppose 10 = 2*t, -3*c = -5*t + 20 + 5. What is s(c)?
1
Suppose 14*n = -21 + 49. Let c(y) = -40 + 2*y - 2*y + n*y + 6*y + 8. What is c(5)?
8
Let u(v) be the third derivative of -v**6/120 - 3*v**5/20 - v**4/6 + 5*v**3/3 + 327*v**2. Calculate u(-8).
-22
Let t(j) = -j**2 + 8*j - 6. Let f(d) = -13*d**2 + 19*d + 79. Let c(m) = 28*m**2 - 39*m - 157. Let x(z) = -6*c(z) - 13*f(z). Let k be x(18). What is t(k)?
9
Let v(r) be the first derivative of 11*r**2 - 76*r - 1533. What is v(4)?
12
Let t(n) be the third derivative of -1/6*n**3 + 0 + 0*n - 2*n**2 + 1/6*n**4. Calculate t(3).
11
Let f(a) = -65*a - 23. Let h(g) = 11*g + 4. Let r(w) = -f(w) - 6*h(w). Determine r(-7).
6
Suppose -120*n + 9 = 3*v - 125*n, 15 = -5*n. Let w(y) = 6*y**2 + 2*y - 1. What is w(v)?
19
Let r(s) be the first derivative of -s**4/4 - 8*s**3/3 - 7*s**2/2 - 12*s - 1846. Calculate r(-7).
-12
Let b(s) = s**3 + 32*s**2 + 28*s - 88. Let w be 62*((-35)/315)/(6/27). What is b(w)?
5
Let d(t) = 1566*t + 51 + 0*t**2 + 1593*t + 2*t**2 - 4700*t + 1572*t. What is d(-14)?
9
Suppose 0 = -24*s + 22*s + p - 571, -3*p - 1444 = 5*s. Let u = 290 + s. Let t(c) = 2*c - 12. Give t(u).
-6
Let s(r) be the third derivative of -r**6/120 + 23*r**5/60 + r**4/12 - 28*r**3/3 + 3*r**2 + 413. Calculate s(23).
-10
Let x(t) = -2*t**2 - 282*t + 1767. Let c be x(6). Let b(q) = -q**2 + 6*q - 2. Calculate b(c).
7
Let j(c) = 13*c**3 - 12*c**2 - 19*c - 4. Let k(z) = 6*z**3 + z**2 - z - 1. Let m(x) = j(x) - 2*k(x). Give m(15).
-32
Let w(v) = 7*v**3 + 4*v + 12. Suppose 88*h - 24 = 84*h. Let l(f) = -11 - 15*f**3 - 8*f + f**2 - 3 - 11. Let g(k) = h*l(k) + 13*w(k). Give g(-6).
-18
Let l(d) = -d**3 - d**2 - d + 12. Let q(t) = 8*t + 72. Suppose -524*i + 513*i = 99. Let y be q(i). Calculate l(y).
12
Let z(c) be the second derivative of -c**3/6 + 7*c**2/2 - 718*c. Give z(2).
5
Let f(u) = -u - 16. Let j(n) = -2*n - 19. Let z(c) = 2*f(c) - 3*j(c). What is z(-6)?
1
Let z(v) = -v**3 + 18*v**2 - 15*v - 27. Let k be z(17). Let g be k - 30/3 - (1 - -8). Let o(b) = -b**2 - 12*b + 3. Calculate o(g).
3
Let x(y) be the first derivative of 95 - 1/3*y**3 + 7/2*y**2 + 0*y. What is x(6)?
6
Let x(p) = p - 17. Suppose -324 = -d - 451. Let y = d + 134. Give x(y).
-10
Let h = 6293 + -6287. Let q(p) = p**2 - 6*p - 6. Give q(h).
-6
Let l = -2 - -3. Let r be l - (2/(-1))/1. Let n(v) be the first derivative of -v**4/4 + 2*v**3/3 + 3*v**2/2 + 3*v - 3678. Calculate n(r).
3
Suppose 101 = c + 2*f, 5*f - 6*f - 222 = -2*c. Suppose -c*a + 115*a = 12. Let q(p) = -p**3 + 2*p + 4. Calculate q(a).
0
Let r(u) = -2*u - 1. Let i(w) = -w**2 - 10*w - 14. Let p(t) = t**3 + 8*t**2 - 2*t - 15. Let v be p(-8). Let k(y) = v*i(y) - 5*r(y). Give k(0).
-9
Let v(y) = y + 49. Let n = 226 + -259. Let x be v(n). Let t(m) = -m**3 + 17*m**2 - 16*m + 4. Determine t(x).
4
Let t(n) be the third derivative of -n**7/840 + n**6/360 - n**5/120 - n**4/8 + n**3/3 - 2*n**2 - 44*n. Let c(i) be the second derivative of t(i). Give c(1).
-2
Let r(v) = 11*v**2 + v + 1. Let q be r(1). Let j = -10 + q. Let z(m) = 3*m + 1. Determine z(j).
10
Let f(k) = -6*k**2 + 1. Let v = 6 + -20. Let y(j) = -2*j - 24. Let p be y(v). Suppose -g = -3*x + 11, -2 + 13 = -5*g + p*x. Calculate f(g).
-5
Suppose -6*j = -11*j + w + 8, -8 = j - 5*w. Let a(k) = k**2 - 3*k**j - k**2 + 55*k - 54*k. Let x = -12 - -13. What is a(x)?
-2
Let r(g) = g + 21. Let w(f) = -f - 32. Suppose m = 3*m + 10. Let h(x) = m*w(x) - 8*r(x). Let z(u) = u**3 + 17*u**2 - 90*u - 1702. Let l be z(-16). Give h(l).
10
Let r be 114/(-14) + 196/1372 + (-32)/(-4). Let b(z) = z**2 + 5*z - 13. Let p(u) = -u - 1. Let f(t) = b(t) + 5*p(t). Give f(r).
-18
Suppose -24*l + 54 = 3*l. Let q(u) = -u + 4. Let y be q(3). Let x(g) = -g - y + 0*g**2 + 2*g**2 - 6*g**l. Determine x(-1).
-4
Let c(f) be the first derivative of -f**4/2 + 13*f**3/3 + 9*f**2/2 - 2*f - 9172. Give c(7).
12
Let l(y) be the third derivative of -y**5/60 - y**4/4 + 40*y**3/3 - 3*y**2 - 256. Give l(-12).
8
Let x(f) = 2*f. Let n(y) = 11*y + 31. Let j(a) = -n(a) + 6*x(a). What is j(8)?
-23
Suppose -703*n - 48 = -695*n. Let g(b) = b - 1. Let j(l) = -2*l + 4. Let f(p) = 7*g(p) + 2*j(p). Calculate f(n).
-17
Let m(n) = 36 + 8*n - 36 + n + 15*n. What is m(-3)?
-72
Let r(q) = -q**2 - 11*q - 11. Suppose 2*h + 2*u + 2*u + 14 = 0, 8 = -4*h - 3*u. Let o = -7 - h. Calculate r(o).
13
Let y(i) = i**2 - 21*i + 52. Let c be y(18). Let s(p) be the third derivative of p**5/60 + p**4/12 - 63*p**2 - p. Determine s(c).
0
Suppose 9*x = 7*x + 222. Let g(s) = -355*s + 121*s + x*s + 2 + 122*s. Determine g(4).
-2
Let v(b) = -b**3 - 2*b**2 - 4*b - 1. Suppose -4*y + 22 = -4*p + 10, -9*p - 17 = -4*y. Determine v(p).
2
Let v(y) = 3 + y - y - y